
Let g(o) = 54*o**2 + 19*o + 89. What is the tens digit of g(-6)?
1
Let f(k) = k**3 - 8*k**2 + 6*k + 8. Let i be f(7). What is the units digit of i + -3*(-10)/15?
3
What is the units digit of (-45)/(-5) + -5 - -554?
8
Suppose 5*v - 3*v = 6. Suppose 5*g = 2*x - 290, -32 + 425 = 3*x + v*g. What is the units digit of x?
5
Let a(b) be the second derivative of 13*b**5/120 - 5*b**4/24 - 5*b**3/6 + 7*b. Let c(k) be the second derivative of a(k). What is the units digit of c(2)?
1
Suppose 0 = -2*x + 27 - 7. Let q be (-2)/x - (-55)/25. Let f(c) = 5*c**2 - 1. What is the units digit of f(q)?
9
Let x(g) = -g**2 - 4*g - 4. Let q be x(-4). Let h be 0/((-4)/(q + 2)). Suppose -2*t = -h*t - 52. What is the units digit of t?
6
What is the hundreds digit of -4 - ((-10276)/70 - 1/5)?
1
Suppose -6 = 2*d - 0. Let g be d/(-2)*8/12. What is the units digit of 78/13 - (g + 2)?
3
Let p be (-12 + 4)*(1 + -2). Suppose 8 = 4*n - p. Suppose -n*t + 0*t + 68 = 0. What is the tens digit of t?
1
Suppose 2*z + 8*h - 6*h - 2638 = 0, -5*z + h + 6583 = 0. What is the tens digit of z?
1
What is the tens digit of 249*(8 - -4)/4?
4
Suppose 2*r - 646 = 2*d, 33*d = 3*r + 35*d - 964. What is the units digit of r?
2
Suppose 7*z - 2*z + 40 = -3*k, 4*z + 25 = -k. Let i = k + 15. Suppose 14 = 2*p - i. What is the units digit of p?
2
Let g = -12 - -15. Suppose 3*p = 4*y + 20, g*y + 2*y = 5*p - 30. Let c = y + 4. What is the units digit of c?
2
Let q(m) = 8*m - 7. Suppose -5*b + 45 = -4*f, 2*b + 7*f + 10 = 3*f. Suppose -b*y = 17 - 42. What is the tens digit of q(y)?
3
Let t(g) = -g**2 + 11*g + 12. Suppose 4*f - 32 = 8. What is the units digit of t(f)?
2
Let q = 313 + -107. What is the hundreds digit of q?
2
Suppose 5*h + 12*z - 14*z - 42 = 0, 5*h + 3*z - 62 = 0. Suppose -7 = -2*p + 15. Suppose 17 = p*o - h*o. What is the tens digit of o?
1
Let t = -474 + 859. What is the tens digit of t?
8
Suppose -2*j = -5*b - 79, 0 = 2*j - j + 2*b - 17. Let o = j - -50. What is the units digit of o?
7
Suppose 24 = t + t. Let a = 11 + t. What is the tens digit of a?
2
Suppose 5797 = -100*x + 111*x. What is the units digit of x?
7
What is the thousands digit of 11/(55/4040)*(-9)/(-6)?
1
Let f = -54 + 59. What is the units digit of (f/(-3))/(-5) + 305/3?
2
Let l = 13 - -5. What is the units digit of 6*5*l/12?
5
Let h(b) = -4*b**3 - 5. Let o be h(3). What is the tens digit of (o - 1)*(45/(-10))/3?
7
Suppose 15*q = 33*q - 25848. What is the thousands digit of q?
1
Let b(z) = 166*z + 91. What is the tens digit of b(11)?
1
Suppose 5*r + 12*n - 15*n - 13135 = 0, 5*r = -2*n + 13110. What is the tens digit of r?
2
Let b(j) = j. Let d be b(0). Let n(f) = f**3 + 9*f**2 - f - 4. Let t be n(-9). Suppose 34 - 3 = z + t*a, -4*a + 12 = d. What is the tens digit of z?
1
Let f(t) = -3*t**3 - 21*t**2 + 16*t + 6. What is the thousands digit of f(-13)?
2
Let s(p) = -2*p + 1. Let j be s(2). What is the units digit of (-20)/60 + (-235)/j?
8
Let j(w) = 2*w**2 + 6*w - 3. Suppose 4*r = -2 + 6. Let l = r + -6. What is the units digit of j(l)?
7
Let c(b) = -b**3 - 4*b**2 - 2*b - 10. Let o be c(-5). Suppose -o = -4*s + 143. What is the tens digit of s?
4
Suppose 3*a + 84 = 4*s - 178, 2*a = -s + 71. Suppose 5*l = -3*x + s, 0 = 5*l + x - 4*x - 73. What is the tens digit of l?
1
Let a = 3482 - 2260. What is the thousands digit of a?
1
Suppose -5*s = -10 - 0. Suppose -2*v = -2*d - s*d - 62, 0 = -4*v + 4*d + 140. What is the units digit of v?
9
What is the tens digit of 2594/10 + 45/75?
6
Suppose 7*i = 3*i - a + 12, -3*i = 2*a - 9. Suppose -120 = -o - i*o. Suppose 0 - o = -3*g. What is the units digit of g?
0
Suppose z - 6 = -2. Let j = -118 + 168. Suppose 2*m - j = -2*t, m - z*m + 54 = 2*t. What is the units digit of t?
1
Let a(m) = m**3 + 22*m**2 + 21*m + 4. Let n be a(-21). Suppose 0 = z - 4*w - 44 - 91, -5*z + n*w + 595 = 0. What is the tens digit of z?
1
Let k = 7 + -2. Suppose k*b = 4*y + 53, 5*b + 0*y - y - 47 = 0. Suppose -39 - b = -4*i. What is the units digit of i?
2
Suppose 75*b - 245 = 80*b. Let m = b - -110. What is the units digit of m?
1
Let q(g) = 5156*g**2 + 6*g + 5. What is the tens digit of q(-1)?
5
Let k(d) = 157*d + 16. Let c(t) = -79*t - 8. Let s(f) = 9*c(f) + 4*k(f). What is the hundreds digit of s(-2)?
1
Let u be (-2)/2 + -1 - 432/(-48). Suppose 5*l = 2*c + 260, -5*c + 295 = u*l - 2*l. What is the units digit of l?
4
Let y(k) = 4*k**2 + 4*k + 185. What is the tens digit of y(-23)?
0
Suppose -4*l - 14 = -6*l. Suppose -b = y - 9, -33 = -2*b - l*y + 2*y. Suppose -5*w = 3*f - 19, 4*f - b - 28 = -5*w. What is the tens digit of f?
1
Let n(x) = -6*x + 16. Let g = -20 - -11. What is the units digit of n(g)?
0
Suppose -3*n - 4*v = -31, -5*n - 2*v = 2*v - 57. Suppose 2*i - 8 = 2*j - 0, -2*j + n = i. Let f(t) = 7*t - 23. What is the tens digit of f(i)?
2
Let y = 64 - 119. Let n be 1/3 - y/15. Suppose -7*w = -n*w - 48. What is the units digit of w?
6
Suppose -15 = -6*u + u, -3*q = -4*u. Suppose 5*n - 6*w = -w + 1540, 626 = 2*n - q*w. What is the tens digit of n?
0
Suppose 26*t + 16*t = 102732. What is the tens digit of t?
4
Let k = -268 + 780. Suppose 0 = -5*z + 1502 - k. What is the hundreds digit of z?
1
Suppose -3*d + 2*d + 35 = 3*g, 0 = 4*g. Suppose 0 = 6*p + p - d. Suppose -p*x + 2*f + 73 = 0, 0 = -f - 2*f - 12. What is the units digit of x?
3
Let z be (-13)/(-3) - (-2)/3. Suppose 0 = -5*u + 15, z*t - 7*u - 38 = -3*u. What is the tens digit of t?
1
Let z(y) = 5*y**2 - 2*y + 4. Let x be z(-4). Let w = 186 - x. Let p = -67 + w. What is the units digit of p?
7
Suppose 0 = 61*y - 35*y - 41860. What is the units digit of y?
0
Suppose -5*o + 98 = m + 30, m = 4*o - 58. Let d = 82 - o. What is the tens digit of d?
6
Let c be ((-46)/(-5))/((-9)/(135/(-2))). Let r be -1 + (1*-1 - -69). Suppose c = 4*u - r. What is the tens digit of u?
3
Let s(w) = w**3 + 5*w**2 + w + 7. Let i be s(-5). Let p(k) = -k**2 + 13*k - 25. Let g be p(10). Suppose -g*y + 30 = -i*y. What is the units digit of y?
0
Let x(w) = -80*w - 14. Let h = 79 + -81. What is the units digit of x(h)?
6
Let a be ((-8)/6 - -1)*-12. Let t be a/(-14) + 8/28. Suppose -m + 22 = -t*m. What is the tens digit of m?
2
Let i = -20 + 29. Let t = i + -6. Suppose -g - t*w = -35, -53 = -5*g + w + 90. What is the tens digit of g?
2
Suppose 1027 = h - 7*q + 12*q, 4*q = -5*h + 5240. What is the thousands digit of h?
1
Let t(j) = 8*j + 1030. What is the units digit of t(0)?
0
Let d = -28 - -18. What is the tens digit of ((-164)/10)/(4/d)?
4
Suppose -7*x - 1492 = -4*m + 1111, 3*m + 4*x = 1906. What is the tens digit of m?
4
Suppose 17*o + 5*f = 18*o - 2605, -4*f - 20 = 0. What is the units digit of o?
0
Suppose 4*v = -5*v + 2997. What is the hundreds digit of v?
3
Let x be 1 - ((3 - 2)*-1 - -42). Let a = -29 - x. What is the tens digit of a?
1
Let x(r) = -3*r + 6. Let l be x(-7). Suppose 5*f = g - 89, -2*f = 2*g + l - 193. What is the tens digit of g?
8
Suppose -31 = -5*z + 9. Suppose 0 = z*l + 2*l - 790. What is the units digit of l?
9
Let z = 429 - -39. Let t = -253 + z. What is the units digit of t?
5
Suppose 0 = 4*v - 15*v + 41041. What is the thousands digit of v?
3
Let b(h) = -h**3 + 3*h**2 + h + 1. Let n be b(3). Suppose 4*y = j - 306, -j + 5*y + 321 = n*y. What is the units digit of j?
6
Let j(w) = -9*w**2 + 14*w**2 - 3*w - 2*w + w**3 + 15*w**2 - 3. What is the units digit of j(-20)?
7
Suppose 1345 = 3*a - 2*q, 4*q = -a - 0*q + 439. What is the hundreds digit of a?
4
Let z = 15 + -11. Suppose -3*j + 93 = 4*y, -z*j = 3*y - 3*j - 71. What is the units digit of y?
4
Suppose 2*c = -5*z + 105, 3*c - 151 = 4*z - 5*z. Let q be 4 + 33*(-2 + 3). Suppose -3*t = -q - c. What is the units digit of t?
9
Let b(i) = i**3 - 2*i**2 + i. Let a be b(1). Let t be 5/(-4 - 1) + a. What is the tens digit of ((-47)/3)/(t/3)?
4
Suppose -5*m + 88 = -237. Let y = 69 - m. What is the units digit of y?
4
Let m = 34 - 3. Suppose 5*y = -2*j + m, -2*j = 4*y - 15 - 11. What is the units digit of j?
3
Suppose -u - 21 + 7 = 0. Let c be 2/3 - (-65)/(-3). Let w = u - c. What is the units digit of w?
7
Suppose -6*w + 2*w = -100. Suppose 0 = m + 4*m - w. Suppose -m*s + 4*y + 180 = 8*y, 5*s + 2*y - 170 = 0. What is the units digit of s?
2
Let v = -75 + 59. What is the units digit of (262/8 + -2)/((-6)/v)?
2
Let o = -384